14. What is the remainder when 28 - (2 + -1 + 0) is divided by i(4)?
3
Let d(t) = -3*t + 11. Let c(m) = -m**2 + 9*m - 10. Let y be c(7). Let w be d(y). Calculate the remainder when (-14 + w)*50/(-10) is divided by 39.
36
Let f(v) = -2*v**3 + v + 1. Let x be f(-1). Calculate the remainder when 41 is divided by 357/33 - x/(-11).
8
Let z(t) = 6*t + 58. Calculate the remainder when z(-7) is divided by 9.
7
Let g = 38 - 38. Suppose g = -7*s + 354 - 67. Calculate the remainder when 122 is divided by s.
40
Let f be 1 + 2/(-8) + 273/52. Suppose 0 = -f*h + 78 + 30. What is the remainder when 29 is divided by h?
11
Let b(k) = -2*k + 13. Let s be b(4). Let t be (-1 + 5)*(-33)/(-6). Suppose -t = 3*f - s*f. What is the remainder when 30 is divided by f?
8
Let x be (-66)/110*(-20)/6. What is the remainder when (13/1)/(3/9) is divided by 22 - 1*x/1?
19
Suppose 0 = -9*b + 3*b + 294. Suppose 2*o - 67 = -b. Calculate the remainder when o is divided by 2.
1
Calculate the remainder when (-159)/33 + 5 + 8071/77 is divided by 36.
33
What is the remainder when ((-80)/(-112))/(12/21)*152 is divided by 49?
43
Let c = 53 - 32. Suppose 4*z + 24 - 84 = 0. Suppose d - z = -2*d. What is the remainder when c is divided by d?
1
Suppose -346 = -10*u - 116. What is the remainder when u is divided by 7?
2
Let d(p) = 38*p - 268. Calculate the remainder when d(9) is divided by (-2)/((-5)/((-250)/(-4))).
24
Let p(j) = -3*j - 1. Calculate the remainder when p(-18) is divided by 12.
5
Suppose 3*l - 23*l + 40 = 0. What is the remainder when 4 is divided by l?
0
Let h = -249 + 475. Suppose 14 = 6*g - h. Calculate the remainder when 79 is divided by g.
39
Let t be 31 - 1/(2/(-6)). What is the remainder when 134 is divided by t/4*(6 - 2)?
32
Let n(c) = c**2 + 2*c + 2. Let q be n(-2). Let o = 7 + q. Suppose 5*i = -4*m + 89, -i + 5*m = -6*i + 90. Calculate the remainder when i is divided by o.
8
Suppose 3*i + 364 = 4*c, 2*i - 43 = c - 139. Calculate the remainder when 185 is divided by c.
9
Suppose 45 = -6*q + 3*q. Let r = q - -26. Calculate the remainder when 42 is divided by r.
9
Suppose -3*d - 3*q + 54 = 0, d = 2*q + 5 + 13. Suppose -150 = -6*h + 3*h. Calculate the remainder when h is divided by d.
14
Suppose 116 - 63 = 16*w - 139. Let a(f) = -4*f**3 - 3*f - 3. Let d(r) = r**2 + 5*r - 8. Let v be d(-6). What is the remainder when a(v) is divided by w?
11
Suppose 0 = -5*f + 3*f. Suppose f = -4*p - 4, 4*p + 81 = 4*g - p. What is the remainder when g is divided by 2?
1
Let s(m) = -m**2 - 13*m + 26. What is the remainder when 645 is divided by s(-12)?
37
Let j = 763 - 1147. Let m be j/80*(-10)/3. What is the remainder when 93 is divided by m + -9*4/(-12)?
17
What is the remainder when 20 is divided by (70/(-45))/((-9)/81)?
6
Let s(a) be the second derivative of a**4/12 - 11*a**3/6 - 11*a**2 + 31*a. Calculate the remainder when 28 is divided by s(13).
0
What is the remainder when (2 - (-6 + 9))*-269 is divided by 91?
87
Let y be (-2 - 111/(-21)) + (-12)/42. Suppose 0 = -5*v + y*c - 2*c + 96, 97 = 5*v - 2*c. Calculate the remainder when v is divided by 17.
2
Suppose -5*h + 6 = -4. Suppose -11 = h*x - 199. What is the remainder when x is divided by 24?
22
Let g = -13 + 20. Suppose t - 45 = -2*t. Suppose i + t = 6*i. What is the remainder when g is divided by i?
1
Suppose -52*r + 71*r = 171. What is the remainder when 34 is divided by r?
7
Let m be (-7 + 10)/(2 - 1). Suppose 4*u = m*u + 9. Suppose 7*s - 468 = -11*s. Calculate the remainder when s is divided by u.
8
Let v(k) = 19*k - 24. Calculate the remainder when v(5) is divided by 36.
35
Let h be (0/(12/4))/(-3). Suppose 0 = 3*w - h*d - 2*d - 87, 45 = 2*w + 3*d. Calculate the remainder when w is divided by 15.
12
Let r be (12/(-9))/2 - 165/9. Let j = r - -28. Calculate the remainder when 14 is divided by j.
5
Let v(h) = h**3 + 2*h + 121. Let g(k) = k - 8. Let q be g(8). What is the remainder when v(q) is divided by 31?
28
Let i = -5 - -10. Calculate the remainder when ((-9)/15)/(i/(-150)) is divided by (-4 + 6)*(-10)/(-4).
3
Suppose 5*n - n + 5*j = 300, 2*n - 140 = -5*j. Calculate the remainder when 159 is divided by n.
79
Let t be -1 + -7 + 3 + 21. Let o = 30 - t. Calculate the remainder when o is divided by 4.
2
Suppose -11*l + 525 - 448 = 0. What is the remainder when 341 is divided by l?
5
Let k = 8 - -37. Suppose 2*j + 40 = 3*b, -5*b + 72 = j - 3*j. Calculate the remainder when k is divided by b.
13
Calculate the remainder when (-4 - (-147 - -14)) + -1*5 is divided by 7.
5
Let i = 27 + -29. What is the remainder when 118 is divided by i*(-2 - -4) + 34?
28
Let y = 72 - 38. Let t = -44 + 14. What is the remainder when y is divided by ((-18)/5)/(9/t)?
10
Let p(y) = -2*y**2 + 16*y - 29. What is the remainder when p(4) is divided by 3?
0
Let r = 8 - -1. Let d = 45 - 39. Let x(s) = s**3 - 6*s**2 + 4*s + 10. Calculate the remainder when x(d) is divided by r.
7
Suppose -5*v + 373 + 492 = 0. What is the remainder when v is divided by 23?
12
Let k = -257 - -302. What is the remainder when k is divided by 23?
22
Let j = 711 - 504. What is the remainder when j is divided by 7?
4
Suppose 0 = -8*o - 951 + 7655. What is the remainder when o is divided by 14?
12
Suppose 144 = 2*w + 2*f, -4*f + 3*f + 142 = 2*w. Let b = w - 38. What is the remainder when b is divided by 7?
4
Let w(c) be the second derivative of -3*c**5/20 - c**2/2 - 9*c. Let z be w(-1). Suppose 5*n - 36 = z*n. Calculate the remainder when 35 is divided by n.
11
Let f(r) be the first derivative of r**2/2 - 5*r + 8. What is the remainder when 18 is divided by f(12)?
4
Suppose 1060 - 220 = 20*q. Suppose 4*b - 56 = 4. Calculate the remainder when q is divided by b.
12
Let r(h) = -2*h**2 + 94*h + 178. What is the remainder when r(35) is divided by 64?
58
What is the remainder when ((-158)/(-8) - 0)/((-117)/(-936)) is divided by 42?
32
Let o(x) = 6*x**2 + 25*x + 42. Let y = 18 + 89. Calculate the remainder when y is divided by o(-2).
11
Let p = 922 - 637. Calculate the remainder when 3 - p/10*4/(-6) is divided by 5.
2
Suppose 14 = 2*f + 3*p, -45 = -5*f + p + 7. Let s = -8 + f. What is the remainder when 6 is divided by s?
0
Suppose 0*w = -5*w + 20. Suppose 2*q + 0*b + 9 = 5*b, -4*b = w*q - 24. Calculate the remainder when 5 is divided by q.
2
Let i = -30 - -30. Suppose i = -g - 2*z - 6 - 0, -2*g + 3*z + 16 = 0. What is the remainder when 38 is divided by 140/21*6/g?
18
Suppose -2*o + 3*o + 4 = -3*k, 3*k = -15. What is the remainder when 250 is divided by o?
8
Let o(q) = 10*q + 100. Calculate the remainder when 116 is divided by o(-6).
36
Let y(u) = 62*u**2 + u. Let h = -14 - -15. Calculate the remainder when y(h) is divided by 22.
19
Suppose 5*k + 8 = 33. Let j = -3 - -31. Let g = -15 + j. Calculate the remainder when g is divided by k.
3
Let m = -19 - -59. Suppose m = 2*a + 4*p + 2, -4*a - 3*p + 56 = 0. Calculate the remainder when a is divided by 5.
1
Let p = 0 - -5. Suppose 0 = -t + p*t - o + 1, -o + 6 = t. Let z = 22 - t. Calculate the remainder when z is divided by 8.
5
Let r = 66 - 52. Let h = 4 + 19. Suppose 0 = 4*w + h - 187. What is the remainder when w is divided by r?
13
Suppose 0 = -3*n + 2*n - 2*o - 21, -3*n - 2*o - 75 = 0. Let u = 3 - n. Calculate the remainder when u is divided by ((-8)/(-14))/(33/924).
14
Let r be 550/(-14) + (-16)/(-56). Let a = 44 + r. Calculate the remainder when 13 is divided by a.
3
Let r = -37 - -29. Let b be (3 - 6)*r/6. Suppose b*k = z - 10, -z + 2*k + 37 = 7*k. What is the remainder when 43 is divided by z?
21
Let l(r) = -19*r - 1. Let d(u) = -6*u. Let t(o) = 7*d(o) - 2*l(o). Calculate the remainder when t(-7) is divided by 17.
13
Suppose 4 = -2*g, -2*m + 4 + 66 = -5*g. Let t = m - -10. Let y = -5 + 26. What is the remainder when t is divided by y?
19
Suppose -3*y - y + 60 = 0. Suppose l + 8 = -4*a + 122, -l = 2. Calculate the remainder when a is divided by y.
14
Let p(m) = 2*m**2 - 16*m - 6. Let y be p(14). Suppose w = 2*k + 99, 0*w - 5*k + y = 2*w. What is the remainder when w is divided by 31?
29
Suppose -2*a + a + 6 = 0. Let i(t) = t**3 - 7*t**2 + 7*t - 9. Let w be i(6). Let x = w - -5. Calculate the remainder when a is divided by x.
0
Suppose 3*u - 2*u + 4*y - 74 = 0, 0 = 3*y. Let f = 2535 - 2522. What is the remainder when u is divided by f